 tens digit of 192166?
6
What is the hundred thousands digit of 29669176?
6
What is the ten thousands digit of 209417?
0
What is the units digit of 3303722?
2
What is the units digit of 852507?
7
What is the units digit of 1004372?
2
What is the hundred thousands digit of 372825?
3
What is the ten thousands digit of 2940819?
4
What is the hundreds digit of 1286322?
3
What is the units digit of 32214?
4
What is the ten thousands digit of 120756?
2
What is the thousands digit of 1054546?
4
What is the hundred thousands digit of 179885?
1
What is the tens digit of 1185721?
2
What is the thousands digit of 7319479?
9
What is the tens digit of 721942?
4
What is the millions digit of 11321699?
1
What is the hundreds digit of 56619?
6
What is the thousands digit of 222655?
2
What is the thousands digit of 7475513?
5
What is the hundreds digit of 4628451?
4
What is the millions digit of 12808862?
2
What is the units digit of 146551?
1
What is the thousands digit of 5880977?
0
What is the hundreds digit of 117115?
1
What is the millions digit of 22684740?
2
What is the units digit of 196747?
7
What is the millions digit of 1358840?
1
What is the units digit of 71607?
7
What is the hundreds digit of 545393?
3
What is the thousands digit of 1685942?
5
What is the hundreds digit of 536854?
8
What is the ten thousands digit of 2763304?
6
What is the hundreds digit of 276110?
1
What is the hundreds digit of 1109380?
3
What is the hundreds digit of 19984837?
8
What is the ten thousands digit of 1545491?
4
What is the hundreds digit of 705089?
0
What is the thousands digit of 11319366?
9
What is the millions digit of 16786807?
6
What is the ten thousands digit of 153443?
5
What is the ten thousands digit of 544950?
4
What is the units digit of 328558?
8
What is the hundreds digit of 20974295?
2
What is the millions digit of 2340037?
2
What is the ten thousands digit of 10675045?
7
What is the millions digit of 4628449?
4
What is the hundreds digit of 41898?
8
What is the hundreds digit of 9457564?
5
What is the hundred thousands digit of 12532089?
5
What is the hundreds digit of 48724?
7
What is the hundreds digit of 129916?
9
What is the tens digit of 3363883?
8
What is the units digit of 657664?
4
What is the millions digit of 1201532?
1
What is the tens digit of 285272?
7
What is the thousands digit of 79778?
9
What is the tens digit of 5391114?
1
What is the tens digit of 4693097?
9
What is the units digit of 1120915?
5
What is the thousands digit of 315726?
5
What is the thousands digit of 4405938?
5
What is the ten thousands digit of 6434819?
3
What is the units digit of 1122586?
6
What is the thousands digit of 2822787?
2
What is the units digit of 113617?
7
What is the hundred thousands digit of 662240?
6
What is the hundreds digit of 442998?
9
What is the thousands digit of 703069?
3
What is the ten thousands digit of 51664?
5
What is the units digit of 363604?
4
What is the units digit of 8758867?
7
What is the tens digit of 3472404?
0
What is the thousands digit of 268460?
8
What is the millions digit of 1530932?
1
What is the millions digit of 2636227?
2
What is the thousands digit of 4953362?
3
What is the tens digit of 313241?
4
What is the thousands digit of 472097?
2
What is the hundreds digit of 1125882?
8
What is the hundreds digit of 526116?
1
What is the millions digit of 1345542?
1
What is the units digit of 592548?
8
What is the hundreds digit of 10302861?
8
What is the ten thousands digit of 1417440?
1
What is the hundreds digit of 4495240?
2
What is the ten thousands digit of 711359?
1
What is the tens digit of 4711355?
5
What is the millions digit of 16107117?
6
What is the thousands digit of 919311?
9
What is the hundred thousands digit of 5262674?
2
What is the thousands digit of 37796604?
6
What is the hundreds digit of 13234346?
3
What is the thousands digit of 508515?
8
What is the ten thousands digit of 166051?
6
What is the ten thousands digit of 2165728?
6
What is the tens digit of 774418?
1
What is the tens digit of 22369?
6
What is the thousands digit of 27548?
7
What is the hundred thousands digit of 136783?
1
What is the tens digit of 915354?
5
What is the hundreds digit of 1384219?
2
What is the hundreds digit of 44892?
8
What is the tens digit of 1995808?
0
What is the tens digit of 11955?
5
What is the units digit of 114031?
1
What is the millions digit of 3291097?
3
What is the units digit of 77288?
8
What is the thousands digit of 451573?
1
What is the units digit of 333285?
5
What is the thousands digit of 1096546?
6
What is the units digit of 1278644?
4
What is the units digit of 1971295?
5
What is the millions digit of 2465464?
2
What is the hundreds digit of 26166237?
2
What is the hundreds digit of 27948108?
1
What is the ten thousands digit of 874460?
7
What is the tens digit of 1455792?
9
What is the thousands digit of 30047?
0
What is the ten thousands digit of 14255462?
5
What is the millions digit of 15676831?
5
What is the millions digit of 16368481?
6
What is the ten thousands digit of 2587672?
8
What is the units digit of 511175?
5
What is the hundred thousands digit of 8132804?
1
What is the tens digit of 1594188?
8
What is the hundreds digit of 9992077?
0
What is the ten thousands digit of 28935939?
3
What is the ten thousands digit of 194211?
9
What is the hundreds digit of 159770?
7
What is the hundred thousands digit of 430589?
4
What is the units digit of 25224?
4
What is the thousands digit of 2141650?
1
What is the millions digit of 27787416?
7
What is the tens digit of 1865306?
0
What is the hundreds digit of 348605?
6
What is the ten thousands digit of 1166260?
6
What is the millions digit of 8286987?
8
What is the tens digit of 755?
5
What is the thousands digit of 966570?
6
What is the hundreds digit of 235830?
8
What is the units digit of 7077266?
6
What is the tens digit of 1946958?
5
What is the tens digit of 872402?
0
What is the tens digit of 310585?
8
What is the hundreds digit of 867676?
6
What is the thousands digit of 389268?
9
What is the units digit of 544166?
6
What is the thousands digit of 1360656?
0
What is the hundred thousands digit of 204495?
2
What is the hundreds digit of 28694342?
3
What is the thousands digit of 1156188?
6
What is the ten thousands digit of 1193409?
9
What is the hundred thousands digit of 276010?
2
What is the thousands digit of 2234658?
4
What is the tens digit of 2138061?
6
What is the units digit of 12246207?
7
What is the hundred thousands digit of 853882?
8
What is the thousands digit of 2420023?
0
What is the hundreds digit of 4620872?
8
What is the units digit of 385416?
6
What is the hundred thousands digit of 3131846?
1
What is the hundreds digit of 698014?
0
What is the units digit of 85033?
3
What is the thousands digit of 3284?
3
What is the ten thousands digit of 164814?
6
What is the units digit of 1874715?
5
What is the hundreds digit of 53759?
7
What is the thousands digit of 88970?
8
What is the units digit of 245481?
1
What is the tens digit of 1156186?
8
What is the hundreds digit of 151851?
8
What is the hundreds digit of 1221864?
8
What is the hundreds digit of 549683?
6
What is the ten thousands digit of 768799?
6
What is the units digit of 180400?
0
What is the ten thousands digit of 198948?
9
What is the tens digit of 1665026?
2
What is the hundred thousands digit of 355988?
3
What is the units digit of 17445008?
8
What is the hundreds digit of 2913543?
5
What is the hundreds digit of 54802?
8
What is the tens digit of 424210?
1
What is the thousands digit of 1021193?
1
What is the thousands digit of 695343?
5
What is the tens digit of 991558?
5
What is the ten thousands digit of 9922576?
2
What is the tens digit of 130898?
9
What is the units digit of 13120?
0
What is the tens digit of 2209067?
6
What is the tens digit of 951818?
1
What is the tens digit of 161959?
5
What is the hundred thousands digit of 16561349?
5
What is the millions digit of 7524994?
7
What is the hundreds digit of 6999994?
9
What is the ten thousands digit of 284362?
8
What is the hundred thousands digit of 204017?
2
What is the thousands digit of 342204?
2
What is the units digit of 338215?
5
What is the tens digit of 700792?
9
What is the units digit